{"id":3,"date":"2024-09-17T15:21:58","date_gmt":"2024-09-17T15:21:58","guid":{"rendered":"https:\/\/hexenzunft-waengi.ch\/?page_id=3"},"modified":"2024-09-19T20:38:28","modified_gmt":"2024-09-19T20:38:28","slug":"privacy-policy","status":"publish","type":"page","link":"https:\/\/hexenzunft-waengi.ch\/?page_id=3","title":{"rendered":"Datenschutzerkl\u00e4rung"},"content":{"rendered":"\t\t<div data-elementor-type=\"wp-page\" data-elementor-id=\"3\" class=\"elementor elementor-3\">\n\t\t\t\t<div class=\"elementor-element elementor-element-1c3d399 e-flex e-con-boxed e-con e-parent\" data-id=\"1c3d399\" data-element_type=\"container\" data-e-type=\"container\">\n\t\t\t\t\t<div class=\"e-con-inner\">\n\t\t\t\t<div class=\"elementor-element elementor-element-176f2470 elementor-widget elementor-widget-text-editor\" data-id=\"176f2470\" data-element_type=\"widget\" data-e-type=\"widget\" data-widget_type=\"text-editor.default\">\n\t\t\t\t<div class=\"elementor-widget-container\">\n\t\t\t\t\t\t\t\t\t<p><\/p><h2 class=\"wp-block-heading\">Wer wir sind<\/h2><p>Die Hexenzunft W\u00e4ngi ist ein Fasnachtsverein mit Vereinssitz in der Gemeinde W\u00e4ngi.<\/p><p><br \/><\/p><h2 class=\"font_8 wixui-rich-text__text wp-block-heading\"><span class=\"wixui-rich-text__text\">Datenschutzerkl\u00e4rung<\/span><\/h2><h3 class=\"font_8 wixui-rich-text__text\"><span class=\"wixui-rich-text__text\">1. Allgemeine Informationen<\/span><\/h3><p class=\"font_8 wixui-rich-text__text\"><span class=\"wixui-rich-text__text\">Diese Datenschutzerkl\u00e4rung kl\u00e4rt die Nutzer \u00fcber die Art, den Umfang und Zwecke der Erhebung und Verwendung personenbezogener Daten durch den Verantwortlichen auf dieser Website auf.<\/span><\/p><p class=\"font_8 wixui-rich-text__text\"><span class=\"wixui-rich-text__text\">Verantwortlicher im Sinne der Datenschutzgesetze ist:<\/span><\/p><p class=\"font_8 wixui-rich-text__text\"><span class=\"wixui-rich-text__text\">Hexenzunft<br class=\"wixui-rich-text__text\" \/>Pupikoferstrasse 10<br class=\"wixui-rich-text__text\" \/>9546 Tuttwil<\/span><\/p><p class=\"font_8 wixui-rich-text__text\"><span class=\"wixui-rich-text__text\">E-Mail: <a class=\"wixui-rich-text__text\" href=\"mailto:info@hexenzunft-waengi.ch\" data-auto-recognition=\"true\">info@hexenzunft-waengi.ch<\/a><\/span><\/p><h2 class=\"font_8 wixui-rich-text__text\"><span class=\"wixui-rich-text__text\">2. Datenerfassung<\/span><\/h2><h4 class=\"font_8 wixui-rich-text__text\"><span class=\"wixui-rich-text__text\">2.1 Verarbeitete Datenarten<\/span><\/h4><ul class=\"font_8 wixui-rich-text__text\"><li class=\"wixui-rich-text__text\"><p class=\"font_8 wixui-rich-text__text\"><span class=\"wixui-rich-text__text\">Kontaktdaten (z.B., E-Mail, Telefonnummer)<\/span><\/p><\/li><li class=\"wixui-rich-text__text\"><p class=\"font_8 wixui-rich-text__text\"><span class=\"wixui-rich-text__text\">Nutzungsdaten (z.B., besuchte Seiten, Interesse an Inhalten, Zugriffszeiten)<\/span><\/p><\/li><\/ul><h4 class=\"font_8 wixui-rich-text__text\"><span class=\"wixui-rich-text__text\">2.2 Zweck der Verarbeitung<\/span><\/h4><p class=\"font_8 wixui-rich-text__text\"><span class=\"wixui-rich-text__text\">Die Verarbeitung der personenbezogenen Daten erfolgt zu folgenden Zwecken:<\/span><\/p><ul class=\"font_8 wixui-rich-text__text\"><li class=\"wixui-rich-text__text\"><p class=\"font_8 wixui-rich-text__text\"><span class=\"wixui-rich-text__text\">Bereitstellung der Website und ihrer Funktionen<\/span><\/p><\/li><li class=\"wixui-rich-text__text\"><p class=\"font_8 wixui-rich-text__text\"><span class=\"wixui-rich-text__text\">Beantwortung von Kontaktanfragen<\/span><\/p><\/li><li class=\"wixui-rich-text__text\"><p class=\"font_8 wixui-rich-text__text\"><span class=\"wixui-rich-text__text\">Gew\u00e4hrleistung eines reibungslosen Verbindungsaufbaus der Website<\/span><\/p><\/li><li class=\"wixui-rich-text__text\"><p class=\"font_8 wixui-rich-text__text\"><span class=\"wixui-rich-text__text\">Auswertung der Systemsicherheit und -stabilit\u00e4t<\/span><\/p><\/li><\/ul><h4 class=\"font_8 wixui-rich-text__text\"><span class=\"wixui-rich-text__text\">2.3 Rechtsgrundlage<\/span><\/h4><p class=\"font_8 wixui-rich-text__text\"><span class=\"wixui-rich-text__text\">Die Verarbeitung personenbezogener Daten erfolgt auf Grundlage der schweizerischen Datenschutzgesetze.<\/span><\/p><h3 class=\"font_8 wixui-rich-text__text\"><span class=\"wixui-rich-text__text\">3. Weitergabe von Daten<\/span><\/h3><p class=\"font_8 wixui-rich-text__text\"><span class=\"wixui-rich-text__text\">Eine \u00dcbermittlung von personenbezogenen Daten an Dritte findet nur statt, wenn:<\/span><\/p><ul class=\"font_8 wixui-rich-text__text\"><li class=\"wixui-rich-text__text\"><p class=\"font_8 wixui-rich-text__text\"><span class=\"wixui-rich-text__text\">dies zur Erf\u00fcllung eines Vertrages erforderlich ist,<\/span><\/p><\/li><li class=\"wixui-rich-text__text\"><p class=\"font_8 wixui-rich-text__text\"><span class=\"wixui-rich-text__text\">eine gesetzliche Verpflichtung besteht,<\/span><\/p><\/li><li class=\"wixui-rich-text__text\"><p class=\"font_8 wixui-rich-text__text\"><span class=\"wixui-rich-text__text\">Sie eingewilligt haben.<\/span><\/p><\/li><\/ul><h4 class=\"font_8 wixui-rich-text__text\"><span class=\"wixui-rich-text__text\">4. Cookies<\/span><\/h4><p class=\"font_8 wixui-rich-text__text\"><span class=\"wixui-rich-text__text\">Diese Website verwendet lediglich funktionelle Cookies zur Bereitstellung der Webseite.\u00a0<\/span><\/p><h3 class=\"font_8 wixui-rich-text__text\"><span class=\"wixui-rich-text__text\">5. Ihre Rechte<\/span><\/h3><p class=\"font_8 wixui-rich-text__text\"><span class=\"wixui-rich-text__text\">Sie haben das Recht:<\/span><\/p><ul class=\"font_8 wixui-rich-text__text\"><li class=\"wixui-rich-text__text\"><p class=\"font_8 wixui-rich-text__text\"><span class=\"wixui-rich-text__text\">auf Auskunft \u00fcber Ihre gespeicherten Daten<\/span><\/p><\/li><li class=\"wixui-rich-text__text\"><p class=\"font_8 wixui-rich-text__text\"><span class=\"wixui-rich-text__text\">auf Berichtigung oder L\u00f6schung Ihrer Daten<\/span><\/p><\/li><li class=\"wixui-rich-text__text\"><p class=\"font_8 wixui-rich-text__text\"><span class=\"wixui-rich-text__text\">auf Einschr\u00e4nkung der Verarbeitung<\/span><\/p><\/li><li class=\"wixui-rich-text__text\"><p class=\"font_8 wixui-rich-text__text\"><span class=\"wixui-rich-text__text\">auf Widerspruch gegen die Verarbeitung<\/span><\/p><\/li><li class=\"wixui-rich-text__text\"><p class=\"font_8 wixui-rich-text__text\"><span class=\"wixui-rich-text__text\">auf Daten\u00fcbertragbarkeit<\/span><\/p><\/li><\/ul><h3 class=\"font_8 wixui-rich-text__text\"><span class=\"wixui-rich-text__text\">6. Datenschutzbeauftragter<\/span><\/h3><p class=\"font_8 wixui-rich-text__text\"><span class=\"wixui-rich-text__text\">Wir haben keinen Datenschutzbeauftragten bestellt, da dies gesetzlich nicht erforderlich ist.<\/span><\/p><h3 class=\"font_8 wixui-rich-text__text\"><span class=\"wixui-rich-text__text\">7. \u00c4nderungen der Datenschutzerkl\u00e4rung<\/span><\/h3><p class=\"font_8 wixui-rich-text__text\"><span class=\"wixui-rich-text__text\">Wir behalten uns das Recht vor, diese Datenschutzerkl\u00e4rung bei Bedarf zu aktualisieren. Die aktuelle Version ist auf unserer Website verf\u00fcgbar.<\/span><\/p><p><\/p>\t\t\t\t\t\t\t\t<\/div>\n\t\t\t\t<\/div>\n\t\t\t\t\t<\/div>\n\t\t\t\t<\/div>\n\t\t\t\t<\/div>\n\t\t","protected":false},"excerpt":{"rendered":"<p>Wer wir sind Die Hexenzunft W\u00e4ngi ist ein Fasnachtsverein mit Vereinssitz in der Gemeinde W\u00e4ngi. Datenschutzerkl\u00e4rung 1. Allgemeine Informationen Diese Datenschutzerkl\u00e4rung kl\u00e4rt die Nutzer \u00fcber die Art, den Umfang und Zwecke der Erhebung und Verwendung personenbezogener Daten durch den Verantwortlichen auf dieser Website auf. Verantwortlicher im Sinne der Datenschutzgesetze ist: HexenzunftPupikoferstrasse 109546 Tuttwil E-Mail: info@hexenzunft-waengi.ch [&hellip;]<\/p>\n","protected":false},"author":1,"featured_media":0,"parent":0,"menu_order":0,"comment_status":"closed","ping_status":"open","template":"","meta":{"footnotes":""},"class_list":["post-3","page","type-page","status-publish","hentry"],"blocksy_meta":[],"_links":{"self":[{"href":"https:\/\/hexenzunft-waengi.ch\/index.php?rest_route=\/wp\/v2\/pages\/3","targetHints":{"allow":["GET"]}}],"collection":[{"href":"https:\/\/hexenzunft-waengi.ch\/index.php?rest_route=\/wp\/v2\/pages"}],"about":[{"href":"https:\/\/hexenzunft-waengi.ch\/index.php?rest_route=\/wp\/v2\/types\/page"}],"author":[{"embeddable":true,"href":"https:\/\/hexenzunft-waengi.ch\/index.php?rest_route=\/wp\/v2\/users\/1"}],"replies":[{"embeddable":true,"href":"https:\/\/hexenzunft-waengi.ch\/index.php?rest_route=%2Fwp%2Fv2%2Fcomments&post=3"}],"version-history":[{"count":18,"href":"https:\/\/hexenzunft-waengi.ch\/index.php?rest_route=\/wp\/v2\/pages\/3\/revisions"}],"predecessor-version":[{"id":1606,"href":"https:\/\/hexenzunft-waengi.ch\/index.php?rest_route=\/wp\/v2\/pages\/3\/revisions\/1606"}],"wp:attachment":[{"href":"https:\/\/hexenzunft-waengi.ch\/index.php?rest_route=%2Fwp%2Fv2%2Fmedia&parent=3"}],"curies":[{"name":"wp","href":"https:\/\/api.w.org\/{rel}","templated":true}]}}